In base 5, what is 0 + -1341?
-1341
In base 6, what is -404 + 5?
-355
In base 7, what is 201 + -1?
200
In base 5, what is -224110 + -10?
-224120
In base 14, what is 6 - 789?
-783
In base 4, what is -130 + -201?
-331
In base 11, what is -73 - 1?
-74
In base 8, what is -4 - 1227?
-1233
In base 4, what is -11 + 213?
202
In base 16, what is 0 - 56?
-56
In base 9, what is 4 - -1057?
1062
In base 14, what is 8 + 4c?
56
In base 5, what is -1 - 43?
-44
In base 2, what is -1000000000 - 10?
-1000000010
In base 8, what is -624 - -2?
-622
In base 3, what is 100002 + -10?
22222
In base 14, what is -3c + -4?
-42
In base 16, what is 1 + -5?
-4
In base 6, what is -2 + -50212?
-50214
In base 9, what is -1572 + -7?
-1580
In base 9, what is -32870 + 4?
-32865
In base 3, what is 21 - 12212?
-12121
In base 4, what is 210 + -10?
200
In base 14, what is 4d - -87?
d6
In base 10, what is -4 - -185?
181
In base 2, what is 101 - -1001011000?
1001011101
In base 4, what is 2 - -230?
232
In base 16, what is -fc - 4?
-100
In base 11, what is -1 - -a3?
a2
In base 6, what is 12 + 12?
24
In base 12, what is 3 - 487?
-484
In base 11, what is -11 + 4?
-8
In base 14, what is -1 - 54c?
-54d
In base 11, what is a8 + 2?
aa
In base 15, what is 34 + -9?
2a
In base 9, what is -5 + 228?
223
In base 12, what is 5 + 88?
91
In base 6, what is -3 + -2401?
-2404
In base 9, what is 127 + 0?
127
In base 15, what is -1 + -d8?
-d9
In base 11, what is 84 + -12?
72
In base 5, what is 1 + -1343?
-1342
In base 13, what is 111 - -4?
115
In base 16, what is -3c4 - -f?
-3b5
In base 3, what is 10 - -211011?
211021
In base 15, what is -5 + 48?
43
In base 12, what is -17998 + -4?
-179a0
In base 12, what is -5 - -4b7?
4b2
In base 11, what is -4a + -5?
-54
In base 6, what is 335 - 3?
332
In base 2, what is 0 - -1111110?
1111110
In base 9, what is 5 - -77?
83
In base 14, what is 30 + 21b?
24b
In base 7, what is 3 + -1565?
-1562
In base 13, what is 5 + -51?
-49
In base 4, what is 10 - -311?
321
In base 10, what is -5 + 1549?
1544
In base 13, what is 152 + -1a?
135
In base 16, what is -2 - -71?
6f
In base 11, what is 27 - 69?
-42
In base 8, what is -24 - 42?
-66
In base 6, what is 210 + -11?
155
In base 16, what is -9 - 7?
-10
In base 10, what is -104 + 3?
-101
In base 5, what is -222 - -1?
-221
In base 12, what is 11a + 20?
13a
In base 15, what is 2 - -10?
12
In base 8, what is -4 - 11104?
-11110
In base 14, what is 2 + -48d?
-48b
In base 15, what is 5091 - 2?
508e
In base 15, what is 10 + 4?
14
In base 14, what is 1 - 743?
-742
In base 13, what is -7 + -33?
-3a
In base 11, what is 15 + -1a?
-5
In base 12, what is b + -13?
-4
In base 3, what is 11211 - 2111?
2100
In base 2, what is 11010011 - 10?
11010001
In base 4, what is -21101 + -2?
-21103
In base 7, what is 5 + -121?
-113
In base 5, what is -21 - -341?
320
In base 16, what is 17 + 24?
3b
In base 9, what is 8 + 115?
124
In base 5, what is -4 + -1021?
-1030
In base 7, what is 0 - -244?
244
In base 8, what is 264 - 5?
257
In base 4, what is 2032033 + 2?
2032101
In base 5, what is 204 + 0?
204
In base 12, what is -119 - -3?
-116
In base 9, what is -761 - -1?
-760
In base 2, what is 110100 + -101?
101111
In base 14, what is 276a - -5?
2771
In base 11, what is -15 - 379?
-393
In base 13, what is 1138 + -8?
1130
In base 9, what is -21 + -46?
-67
In base 6, what is 22 + -5240?
-5214
In base 2, what is -1111011111 - 11?
-1111100010
In base 16, what is -5 + 3d?
38
In base 12, what is 0 - 9?
-9
In base 15, what is 1 + ce?
d0
In base 8, what is -5022 + -5?
-5027
In base 11, what is -5 + 133?
129
In base 4, what is -1 - -130?
123
In base 6, what is 2501 + 2?
2503
In base 9, what is -5 - -2526?
2521
In base 6, what is 4 - -532?
540
In base 4, what is -1 + 22213?
22212
In base 4, what is -10 + -120?
-130
In base 5, what is 0 - 120?
-120
In base 11, what is -1206 - -4?
-1202
In base 5, what is 3 - -12?
20
In base 11, what is 37 - -5?
41
In base 4, what is 0 + 330?
330
In base 2, what is -11 + -1110111?
-1111010
In base 10, what is -167 - -1?
-166
In base 13, what is -18 - -65?
4a
In base 8, what is 35003 + 3?
35006
In base 2, what is 101111010111 - -101?
101111011100
In base 9, what is 104 + 7?
112
In base 4, what is -1001221 - 20?
-1001301
In base 8, what is -121 + -3?
-124
In base 15, what is 4 + -783?
-77e
In base 3, what is -12 - 202?
-221
In base 13, what is -2c - -18?
-14
In base 12, what is 2a2 + -3?
29b
In base 14, what is 7 + -27d?
-276
In base 12, what is 5 + 6b?
74
In base 9, what is -2 - 1674?
-1676
In base 5, what is 1 + 1222?
1223
In base 16, what is -2 - -12?
10
In base 4, what is 123 + 10?
133
In base 15, what is -52 - 1?
-53
In base 8, what is 5 + -5320?
-5313
In base 9, what is 2 + 37?
40
In base 2, what is 0 - 11010100101?
-11010100101
In base 9, what is 2 + -1251?
-1248
In base 12, what is -2 - 31?
-33
In base 15, what is 7 - 3?
4
In base 8, what is 7025 - -4?
7031
In base 13, what is -1712 - -2?
-1710
In base 14, what is 3 - c?
-9
In base 4, what is 0 + -122023?
-122023
In base 8, what is 2 + 411?
413
In base 4, what is 210211 + -3?
210202
In base 9, what is -4073 - 2?
-4075
In base 13, what is -3 + 42?
3c
In base 2, what is 101101000 + -111?
101100001
In base 13, what is 2 + 12a3?
12a5
In base 9, what is -37 + -5?
-43
In base 14, what is 134 + -1?
133
In base 12, what is 3152 - 4?
314a
In base 9, what is 43 - -2?
45
In base 11, what is 2 + -285?
-283
In base 16, what is d + 3?
10
In base 9, what is 15 - 33?
-17
In base 11, what is 1 + 313?
314
In base 3, what is 12 + 202211?
210000
In base 15, what is -6 + 62b?
625
In base 12, what is -2701 + 2?
-26bb
In base 9, what is -264 + -18?
-283
In base 9, what is -3 + -34?
-37
In base 3, what is -1202 - -20?
-1112
In base 4, what is -21 - 200?
-221
In base 6, what is 2 + 24514?
24520
In base 9, what is -442 + 0?
-442
In base 3, what is 20000 + -1012?
11211
In base 11, what is -120 - 1?
-121
In base 10, what is 4 + 256?
260
In base 13, what is 0 - 48?
-48
In base 5, what is -1320 + 3?
-1312
In base 16, what is 9 + 792?
79b
In base 16, what is 14b7 - -5?
14bc
In base 13, what is -30 - a6?
-106
In base 13, what is -5 - -55?
50
In base 8, what is 3343 - -3?
3346
In base 10, what is -5 - 21?
-26
In base 11, what is 121 - 2?
11a
In base 6, what is -1 - 15?
-20
In base 8, what is 31 + 25?
56
In base 14, what is 1 - 1573?
-1572
In base 9, what is -444 - 2?
-446
In base 11, what is 3 - a7?
-a4
In base 5, what is 213 + -143?
20
In base 7, what is -5 - -112?
104
In base 4, what is 3 + 10222?
10231
In base 14, what is -1 - -4b5?
4b4
In base 11, what is 2399 + -3?
2396
In base 10, what is -5 - 726?
-731
In base 5, what is 2 + -4103?
-4101
In base 4, what is 222 - -1111?
1333
In base 14, what is 2a - -61?
8b
In base 15, what is -45 - 2?
-47
In base 9, what is -33 - -57?
24
In base 7, what is -15553 - 2?
-15555
In base 14, what is -7 + 139?
132
In base 8, what is 33 + -24?
7
In base 5, what is 302 - 1?
301
In base 6, what is 2301 + 3?
2304
In base 3, what is 2 + 11010220?
11010222
In base 4, what is -3122 + -3?
-3131
In base 15, what is 1 + -23?
-22
In base 7, what is 5 - 23?
-15
In base 11, what is -5 + 2927?
2922
In base 5, what is -1 - 13331?
-13332
In base 12, what is -144 - -b?
-135
In base 12, what is 2b - 12?
19
In base 6, what is 50 - 404?
-314
In base 12, what is -8a - 12?
-a0
In base 4, what is -1121 + -12?
-1133
In base 12, what is -5 - -1a?
15
In base 13, what is 204 + 5?
209
In base 5, what is -11021 + -13?
-11034
In base 15, what is -182 - 4?
-186
In base 16, what is -c60 - 4?
-c64
In base 14, what is b5 - -1?
b6
In base 16, what is -25 + 19?
-c
In base 5, what is -1 - -1?
0
In base 14, what is b - 33?
-26
In base 6, what is -3 - 2111?
-2114
In base 10, what is 0 - 22?
-22
In base 10, what is -49 - 17?
-66
In base 9, what is -837 - -5?
-832
In base 11, what is 10 - -10a?
11a
In base 11, what is -106 + 8?
-a9
In base 10, what is -4 + -400?
-404
In base 12, what is -261 + 3b?
-222
In base 4, what is 133 + 11000?
11133
In base 15, what is 175 + -5?
170
In base 12, what is -21 - -107?
a6
In base 11, what is -5 - -8?
3
In base 11, what is -137a + -3?
-1382
In base 14, what is -17 - -4?
-13
In base 13, what is -5 + 1c?
17
In base 13, what is 2 - -23?
25
In base 3, what is -112122 - -1?
-112121
In base 4, wha